r of 40 and f?
8
Let z(t) = 25*t - 122. Let r be z(6). Suppose 0 = -d + 4*m - 1, -d + 5 - 2 = -2*m. What is the greatest common divisor of d and r?
7
Let f = -91 - -200. Let a be f - (2/24 + (-1332)/432). Calculate the greatest common factor of a and 154.
14
Let k(h) = -h**3 - 23*h**2 + 567*h - 30. Let q be k(-38). What is the greatest common factor of q and 63?
21
Let j(y) = y**2 - 3*y - 1. Let q be j(6). Let n be ((-10098)/176)/((-17)/136). Calculate the greatest common factor of n and q.
17
Let m be (6 - 4)*18/(-4). Let q(i) = 4*i + 44. Let g be q(m). Calculate the highest common factor of 18 and g.
2
Suppose 0 = d - 4*d + d. Suppose z - 9 = -d*z. Suppose -2*k + 5 = -1. What is the highest common factor of k and z?
3
Let p(i) = -1060*i + 6381. Let k be p(6). What is the highest common factor of k and 1659?
21
Let z(t) = -4*t + 12. Suppose 2*c + 23 = 27. Let g be z(c). Suppose g*q = 187 + 181. Calculate the highest common factor of 23 and q.
23
Suppose 175 = 3*l + 5*f, 11*l - 196 = 8*l - 2*f. What is the highest common divisor of 266 and l?
14
Let y be 8*15*(-4)/((-200)/15). Suppose q = -18 + y. Calculate the highest common divisor of q and 27.
9
Suppose -9*w + 66 = -114. Let d = 66 + 1. Suppose d = r + 17. Calculate the greatest common divisor of w and r.
10
Let o(x) = -15*x**3 - 2*x**2 - x - 1. Let k be o(-1). Let y = k - -20. Let r = 31 + -9. Calculate the highest common divisor of y and r.
11
Let b be -15*(-15 - (-16)/(-24)). What is the greatest common factor of 10 and b?
5
Suppose l - 5*k + 15 = 17, -l - k = -38. Calculate the greatest common divisor of 332 and l.
4
Suppose -8689*o = -8683*o - 294. Calculate the highest common factor of 1421 and o.
49
Suppose 0 = -4*y + 5*y. Suppose -27*j + 25*j + 264 = y. Suppose 13*q + j = 366. Calculate the highest common factor of 36 and q.
18
Let p be -6 + 0 - (-33 - 69). Suppose 0*k - 4*k = -2*g - p, 0 = 4*g. Suppose -6 = m - 3*m. What is the greatest common factor of m and k?
3
Suppose 0 = 15083*s - 15109*s + 3588. Calculate the greatest common factor of s and 20378.
46
Let x be 75 + -73 - (-281 + -1). What is the highest common divisor of 639 and x?
71
Let g be (416 - 0)*(-31 + 33). Calculate the greatest common divisor of g and 78.
26
Suppose 2*g + 3*a - 5 = 0, 0 = -3*g + a + 3*a + 16. Suppose g*b = 8 + 36. Suppose j - b = -3. What is the highest common factor of j and 32?
8
Let w be -2*51/1*(-10)/6. Let d = w - 121. Calculate the highest common divisor of 147 and d.
49
Let a = -364 + 1193. Let t = 1003 - a. Calculate the highest common factor of 783 and t.
87
Let q = -211 - -213. Let l be ((-30)/5 - 177)*q/(-6). Calculate the highest common divisor of l and 793.
61
Suppose -5*j + 4*b - 845 + 5399 = 0, -911 = -j + b. What is the greatest common factor of j and 126?
14
Let x be (-28)/(16/(-105) + (-6)/45). Let g(w) = w**2 + w. Let m be g(-2). Suppose -v + x - m = 0. Calculate the highest common factor of v and 6.
6
Let c = 3246 - 1255. What is the highest common factor of c and 11?
11
Let j = 33823 + -27505. What is the highest common factor of 12 and j?
6
Let s = -162 - -162. Suppose -2*a - o = -3*o - 152, 2*a - 127 = -3*o. Suppose s = r - a - 9. Calculate the highest common factor of r and 20.
20
Suppose 5 = -5*j, j = 5*v - 4*j - 50. Suppose -4*d + 28 = 4*h, 3*d = -2*h - 0*d + 17. Let y be (h - (-3 + 6))*1. What is the highest common factor of y and v?
1
Let j be (20/(-12))/((-15)/54). Let o(u) = u**3 + 7*u**2 + 6*u - 2. Let d be (20/6)/(28/(-42)). Let l be o(d). Calculate the highest common divisor of l and j.
6
Let w be 1631/35 + (-3)/5. Suppose w*k + 63 = 47*k. What is the greatest common factor of 9 and k?
9
Let t = 177 + -170. Suppose -879 = 3*q - t*q - 5*j, 4 = -4*j. What is the greatest common factor of q and 17?
17
Let z = -66 + 76. Suppose 1703*a = 1706*a - 210. What is the greatest common divisor of z and a?
10
Suppose 3*i + 2802 = 2838. Let b be 28/i + (-1172)/(-12). Calculate the greatest common divisor of 30 and b.
10
Let d be (-25402)/(-78) + 2/2 + 85/(-51). Calculate the highest common factor of d and 1417.
13
Suppose 207 = 3*n - 468. Suppose 2*z = -2*z + 4*m, 3*z = -m + 20. Suppose z*k + 5*k = 250. What is the greatest common divisor of k and n?
25
Let g(s) = 32*s**2 + 14*s + 6. Let j be g(-3). Let h = j - -5. Suppose -2*r + 94 = -5*i + h, -4*r - 16 = 0. Calculate the highest common factor of 155 and i.
31
Let d(f) = -2*f**2 - 33*f + 61. Let o be d(-18). Let u be o/(7/138) + -2. Calculate the greatest common divisor of 51 and u.
17
Let l(b) = 1283*b**2 + 38*b + 74. Let f be l(-2). What is the greatest common factor of f and 810?
270
Suppose 7*v = 10*v. Suppose v = -4*b + 64 + 40. Suppose -4*a - 2 = -b. What is the highest common factor of a and 12?
6
Let n(v) = v**2 - 2*v. Let g be n(4). Let x be (-20)/10 + -5 - (6 - (4 - -257)). Calculate the greatest common factor of x and g.
8
Suppose 0 = 4*v + s - 171683, 312*v - 307*v - 4*s = 214567. What is the greatest common divisor of v and 257?
257
Suppose 297*a - 2590980 = 87*a. Calculate the highest common divisor of a and 62.
62
Let w(d) = 32*d**2 + 558*d - 2196. Let o be w(4). What is the highest common factor of 2603 and o?
137
Let p = -154 - -162. Suppose 4*x = -4*c + 84, p*x + 93 = 13*x + c. Calculate the highest common divisor of x and 207.
9
Let f be (-900)/(-200)*(-5 + (-445)/(-45)). Let x = 45 + 461. Calculate the greatest common divisor of x and f.
22
Let c(g) = -1469*g - 8760. Let f be c(-6). What is the greatest common factor of 3708 and f?
18
Let z be -128 + (5 + -5)/(-4). Let o = 158 + z. Calculate the highest common factor of o and 18.
6
Let o be ((224/24)/14)/(1/6). Suppose 0 = -o*y - 2*z + 14, 2*y + 5 - 7 = -2*z. Calculate the highest common divisor of y and 114.
6
Let n(y) = 7*y**2 + 2*y - 1. Let f be n(1). Let k(x) = -16*x - 2 + 49 + 37 - 2. Let u be k(5). What is the highest common factor of u and f?
2
Let w(t) = 2*t**3 + 8*t**2 - 2*t - 1. Let u be w(-4). Suppose 0 = f - 1 - 1. Suppose -f*m = m - 189. What is the greatest common divisor of u and m?
7
Let y(b) = -14 - 10*b**2 - 7*b - 45 + 0*b - b**3. Let p be y(-10). Calculate the greatest common divisor of p and 286.
11
Suppose -97*k + 100*k = -42. Let g be k - -30 - (0 + 2). Suppose -95 = -3*b - g. What is the highest common factor of b and 27?
27
Let q(x) = -9*x**2 - 69*x - 58. Let f be q(-6). Calculate the greatest common divisor of 800 and f.
32
Suppose -5*u = -0*u. Suppose 10*o - 7*o = u. Suppose -5*y - 3*v + 1045 = 0, o*y - 5*v - 627 = -3*y. Calculate the highest common divisor of 11 and y.
11
Suppose -1302 - 1686 = -18*v. Suppose 0 = -20*f + v + 74. What is the highest common divisor of 96 and f?
12
Let b be 100/75*(-3)/(-1). Let x be (-1 - (9 + b))/((-4)/6). Calculate the greatest common divisor of 399 and x.
21
Suppose 0 = 18*h - 42 - 30. Suppose -4*r = -h*u + 1195 - 243, 2*u - 5*r - 461 = 0. What is the greatest common divisor of u and 54?
27
Let u be 2/(-11) - (-1136)/(-44). Let h = u - -34. What is the greatest common factor of h and 36?
4
Suppose -10*l + 3*l = -14. Suppose -d = -l*y - 108, 5*y + 216 = y - 4*d. Let j = 124 + y. Calculate the highest common divisor of j and 14.
14
Let d be (-36)/(-2)*(0 + 1). Let w = -238 - -247. Let y(p) = 7*p + 99. Let i be y(w). What is the highest common factor of i and d?
18
Let o = 189 - 172. Let g = o + 15. What is the highest common factor of 16 and g?
16
Suppose 190*s = 96*s + 95*s. Let v be (3 + s + -4)/((-6)/66). Calculate the highest common divisor of v and 11.
11
Suppose 0 = 2*v + 3*y - 2472 + 468, 0 = -5*v - 3*y + 4983. Calculate the greatest common divisor of 18536 and v.
331
Let d(y) = 9*y + 2. Let v be d(4). Suppose 1123 - 254 = 2*a - 5*t, 0 = -a + 3*t + 436. Let r = a - 9. Calculate the greatest common divisor of r and v.
38
Let r(l) = 413*l**2 - 29*l - 26. Let u be r(-1). What is the highest common factor of 48 and u?
16
Let r(i) = i**2 - 4*i - 17. Let s be r(7). Suppose -8*u = -5*u + s*g - 81, 2*u = -g + 59. What is the highest common divisor of 372 and u?
31
Suppose -465 = -3*u - j, 55*u - 5*j - 795 = 50*u. Suppose x - 251 = -3*i, 4*x - 2*x = -2*i + 514. What is the greatest common divisor of u and x?
52
Suppose 4*f + 3*l - 103 = 464, -5*l + 428 = 3*f. Let s be 21*((1 - f/(-21)) + 0). What is